*o - 48 = -2*o + 2*z. Let n(y) = -y**2 + 9*y - 8. Calculate the remainder when o is divided by n(6).
8
Let o(h) = 63*h - 8. Let b be o(6). Suppose b = 9*f - 4*f. Calculate the remainder when f is divided by 15.
14
Let q(c) = -c**3 - 9*c**2 - 11*c - 18. Let w be q(-8). Suppose w*f - 5*f = 54. Calculate the remainder when f is divided by 19.
16
Let o(i) = -i + 4. Let k be o(0). Suppose -g - k*s = -4 - 15, 5*s - 20 = 0. What is the remainder when 13 is divided by (-6 - 3/g)*-1?
6
Let b(y) = y + 34. What is the remainder when 32 is divided by b(-17)?
15
Let i = -54 + 36. Suppose 96 = -2*h + 5*h. Let x = h + i. Calculate the remainder when 40 is divided by x.
12
Let y(g) = 30*g**3 + 2*g**2 - 2*g + 1. Let h(q) = -q**3 + 6*q**2 - 4*q - 4. Let a be h(5). Let l = 9 + 2. What is the remainder when y(a) is divided by l?
9
Let v(y) be the second derivative of y**5/20 - y**4/12 + y**3/3 - 2*y**2 - 2*y. What is the remainder when (10/(-25))/((-2)/190) is divided by v(3)?
18
Suppose 0 = -i - 4*k + 53, 5*k = -4*i - 0*k + 234. Suppose -5*r = 2*a - 273, -5*a = r - 3*a - i. What is the remainder when r is divided by 18?
17
Suppose 0 = -4*z + 2*r + 14, -5*z - 8 = 2*r - 3. Let b(l) = 21*l**3. Calculate the remainder when 41 is divided by b(z).
20
Let o = -3 + 4. Let u be 1/(-1)*o - -104. What is the remainder when 28 is divided by u/7 - 4/(-14)?
13
Let z(t) be the second derivative of t**5/20 + 2*t**4/3 + 5*t**3/6 - 3*t**2/2 + 2*t. What is the remainder when 96/(-2)*2/(-3) is divided by z(-7)?
10
Calculate the remainder when 1*(-2)/(-4)*4 is divided by 21/27 - 5/(135/(-6)).
0
Calculate the remainder when 195 is divided by (-679)/(-14) - (10/4 + -3).
48
Suppose w - 12 - 2 = 0. Suppose -s + 31 = 5. What is the remainder when s is divided by w?
12
Suppose -3*p = -l + 38 - 2, -60 = -l - 3*p. Let d = l - 25. Suppose -y + x = -8, 0*x + 2*x = -4*y + 32. What is the remainder when d is divided by y?
7
Let b = 0 + 13. Let y(q) = 2*q**2 - 2*q + 3. Let w be y(3). Suppose -l - 3*o = o - w, 2*o = -4*l + 32. Calculate the remainder when b is divided by l.
6
Let i(c) = c - 3. What is the remainder when 32 is divided by i(12)?
5
Suppose 0 = 5*d + d - 150. Calculate the remainder when d is divided by 14.
11
Let u be 15/((-3)/1)*2. Let w be (2/4)/((-1)/(-78)). Let z = u + w. What is the remainder when z is divided by 10?
9
Suppose 8*f - 4*f = 116. Let d be 2/3 - (-6)/(-9). Suppose -5*u = -50 - d. What is the remainder when f is divided by u?
9
Suppose 6 = 4*b - 2. Suppose 3*n - d = -3*d + 58, 22 = 2*n - b*d. Calculate the remainder when 30 is divided by n.
14
Let t(a) = 16*a - 2. Calculate the remainder when t(1) is divided by (-4)/(-2) + 4 + -1.
4
Suppose -l + 3*n + 1 + 2 = 0, -3*l = -2*n - 23. What is the remainder when 25 is divided by l?
7
Let s(k) = k**2 + 2*k + 2. Suppose 3*x = -c + 6, -5*c + 2*c = 5*x - 6. Calculate the remainder when (0 + 2 - 1) + 7 is divided by s(c).
3
What is the remainder when 40 is divided by (3/6)/(3/66)?
7
What is the remainder when 30 - ((-2)/(-9) + (-6)/27) is divided by 9?
3
Let u(c) = c**2 - 10*c + 13. Let z(k) = -k**3 - 6*k**2 - 3*k - 5. Let f be z(-6). Calculate the remainder when u(f) is divided by 18.
16
Let s = 32 + -26. Calculate the remainder when 13 is divided by s/(-45) - (-124)/30.
1
Suppose 3*t = -2*t + 5. Let f be (-2)/(-2)*(-6)/t. Calculate the remainder when 29 is divided by (-29)/(-3) - f/18.
9
Let v = 67 - 45. What is the remainder when 63 is divided by v?
19
Let m(l) = -l - 2. Let n be m(-5). Suppose 0 = -n*c + 4*c - 28. Suppose -c = -2*w + w - t, -31 = -2*w + 3*t. What is the remainder when 67 is divided by w?
21
Suppose 2*t + 10 = 0, 3*t + 0*t = -2*r + 49. Calculate the remainder when 61 is divided by r.
29
Let i(f) = -2*f**3 + 3*f**2 + 2*f - 2. Let u be i(-2). Let y = -2 + u. Calculate the remainder when y is divided by 11.
9
Suppose 5*g - 2*s = 26, 4*g + 0*g - 3*s = 25. Suppose 3*y - g = 14. What is the remainder when y is divided by (5 + -2)/((-1)/(-1))?
0
Let j(w) = 3*w - 1. Let n = -70 - -132. Suppose 0 = 3*z - 2*y - 44, -n + 22 = -2*z + 4*y. Calculate the remainder when z is divided by j(2).
2
Let b(n) = 4*n**3 - n + 1. Calculate the remainder when b(1) is divided by 2.
0
Suppose 0 = -4*n + p + p + 186, 5*p = 4*n - 177. Suppose 5*l - 52 = n. Suppose -x + l = 3*x. Calculate the remainder when x is divided by 3.
2
Let t(r) = 7*r + 1. Let u be t(2). Suppose -u = -5*g + i, 0*i - 3 = -g - i. Calculate the remainder when 10 is divided by g.
1
Let y = -286 - -418. Let s = 190 - y. Calculate the remainder when s is divided by 12.
10
Let x(w) = -w**2 - 7*w - 4. Let m be x(-6). Let d = 1 + m. Calculate the remainder when 7 is divided by d.
1
Let x = 11 + -12. What is the remainder when -1 - x - (-104)/4 is divided by 9?
8
Let z be (16/(-3))/((-1)/(-6)). Suppose 11*p - 5*p - 378 = 0. Let q = p + z. What is the remainder when q is divided by 11?
9
Let x(v) = -6*v + 1. Suppose -5*y + 5*i = 30, 5*i - 24 = 2*y - 3. Calculate the remainder when x(y) is divided by 10.
9
Suppose -3*z + 61 = 3*g - 8*g, -5*z + 4*g + 80 = 0. Calculate the remainder when z is divided by 3.
0
Let z(j) = j**3 + 13*j**2 + 11*j - 8. Calculate the remainder when 11 is divided by z(-12).
3
Let p(f) be the first derivative of f**4/4 + f**3 - 3*f**2/2 + 3*f - 8. Calculate the remainder when p(4) is divided by 26.
25
Let a = -31 - 26. Let d = a - -15. Let x = -28 - d. Calculate the remainder when 53 is divided by x.
11
Let h(m) = 16*m**2 - 3*m - 2. What is the remainder when h(-1) is divided by 6?
5
Let l be 0 + 9 - (-6 + 8). Suppose l*i - 9 = 4*i. What is the remainder when 11 is divided by i?
2
Let n(r) = 4*r**2 + 5*r - 3. Calculate the remainder when n(3) is divided by 22.
4
Let w = -13 + 30. What is the remainder when 31 is divided by w?
14
Let b(k) = k**2 + 7*k - 3. Let u be b(-10). Suppose 3*w = -5*n - w - 3, -5*n - 3*w - 1 = 0. What is the remainder when n is divided by (9/u)/((-1)/(-3))?
0
Let c be (-444)/(-14) + (-4)/(-14). Suppose c = 5*b - 3. What is the remainder when b is divided by 3?
1
Let t(x) = -x**2 - 4*x. Let w be t(-3). Let m = w + -7. Let r(d) = 2*d**2 + 5*d + 2. Calculate the remainder when 26 is divided by r(m).
12
Suppose -211 = -5*o - 2*y, -103 = -2*o + 4*y - 9. Calculate the remainder when o is divided by 15.
13
Suppose v + 2*n = 3*n - 13, 15 = 5*n. Let x = v - -13. What is the remainder when x is divided by 2?
1
Suppose 9 = -4*y + 37. Suppose 0*t = -3*t. What is the remainder when -30*(t + (-2)/3) is divided by y?
6
Suppose -3*i + 8*i = 25. Suppose -88 = -0*m + 3*m + 2*k, -2*m - 32 = -4*k. What is the remainder when (-2 + 1)/(2/m) is divided by i?
3
Suppose -15 = 5*f, -28 + 3 = -w + 4*f. What is the remainder when 24 is divided by w?
11
Suppose -5*i + 318 = i. Calculate the remainder when i is divided by 14.
11
Let i be ((-108)/2 - -2)/(-1). Calculate the remainder when -2 + (51 - (-1 - -1)) is divided by (i/(-12))/(2/(-6)).
10
Suppose -12*u - 10 = -178. What is the remainder when u is divided by ((-9)/(-6))/((-3)/(-8))?
2
Suppose -2*w - w = -24. Let n(z) = -z + 13. Calculate the remainder when w is divided by n(8).
3
Suppose 0*m - 7*m + 476 = 0. What is the remainder when m is divided by 18?
14
What is the remainder when 202 is divided by 1 + -1 - 123/(-3)?
38
Let k(z) = z**3 - 3*z - 3. Let c be k(3). Let u = 28 - c. What is the remainder when 48 is divided by u?
9
Let g = -3 - -6. Suppose -g*i + 24 = 6. What is the remainder when (33/i)/((-2)/(-4)) is divided by 6?
5
Let j be ((-24)/16)/(1/(-30)). Calculate the remainder when 43 is divided by (-1)/(6/j)*-2.
13
Let r(t) = 17*t**3 - t**2 + t. Calculate the remainder when 61 is divided by r(1).
10
Let g = 39 + 34. What is the remainder when g is divided by 25?
23
Suppose -l - 3*l - 2*z + 10 = 0, 3*z = 4*l - 15. Let m be l - (4 + (1 - 0)). Calculate the remainder when 11*(m + 1)*-1 is divided by 4.
3
Suppose 92 = 7*b - 223. Suppose -3*i - 2*i - 2*x = -b, 30 = 5*i - x. What is the remainder when 12 is divided by i?
5
Suppose -4*m = 2*u - 7*u - 20, 0 = -4*m. Suppose -128 = 5*l - 4*d - 306, -30 = -l - 2*d. What is the remainder when l is divided by 3/1*u*-1?
10
Suppose -6 = -2*g + 10. Calculate the remainder when 20 is divided by g.
4
Let j be -1 + 0/(-1) - 3. Let r be (-1)/(-2) + 2/j. Suppos